) = -b**3 + 14*b**2 - 6*b - 35. What is p(13)?
56
Let b(d) = 49*d + 6663. Give b(-136).
-1
Let r(n) = -10*n + 85. Determine r(7).
15
Let v(j) = 2*j**2 - 60*j + 314. Calculate v(27).
152
Let i(d) = -2*d**2 + 117*d + 118. Give i(-1).
-1
Let c(w) = 3*w**3 - 36*w**2 - 5*w - 4. What is c(12)?
-64
Let p(r) = r**3 - 7*r**2 + 30*r - 10. Calculate p(9).
422
Let i(w) = -w**2 - 34*w + 16. Determine i(-17).
305
Let x(v) = -v**3 - 8*v**2 + 19*v - 31. What is x(-7)?
-213
Let y(r) = 4*r + 287. What is y(-66)?
23
Let z(a) = -3*a**3 - a**2 + 6*a + 1. Give z(-4).
153
Let x(g) = -1023*g + 8096. What is x(8)?
-88
Let k(u) = u**3 + 95*u**2 + 267*u - 855. Give k(-92).
-27
Let b(f) = -f**2 - 638*f + 182335. What is b(214)?
7
Let q(g) = -g**2 + 8*g + 46. What is q(14)?
-38
Let m(n) = -11*n**2 - 44*n + 161. Give m(4).
-191
Let j(a) = -a**3 + 2*a**2 + 8*a + 145. Calculate j(0).
145
Let w(i) = 349*i - 3457. Give w(10).
33
Let r(t) = t**3 + 32*t**2 + 196*t - 673. Determine r(-13).
-10
Let w(p) = p**3 - 13*p**2 + 29*p + 14. What is w(9)?
-49
Let b(g) = -g**2 + 18*g - 64. What is b(9)?
17
Let n(f) = 1256*f + 2532. Calculate n(-2).
20
Let r(i) = -2*i**3 - 5*i**2 - 19*i + 69. What is r(3)?
-87
Let y(g) = -507*g + 3118. Give y(6).
76
Let x(n) = 86*n + 10. Calculate x(0).
10
Let b(z) = 217*z**2 + 39*z + 30. Determine b(-1).
208
Let f(w) = w**2 - 19*w - 30. Calculate f(15).
-90
Let m(w) = 32*w + 102. Give m(-3).
6
Let k(q) = -71*q - 69. Calculate k(-3).
144
Let w(s) = 75*s - 843. Calculate w(11).
-18
Let b(a) = 2*a**2 - 67*a + 286. Calculate b(29).
25
Let l(z) = 411*z + 11510. What is l(-28)?
2
Let y(z) = -z**2 + 38*z + 15513. Give y(145).
-2
Let d(a) = -a**2 + 48*a - 441. Calculate d(12).
-9
Let l(g) = 406*g + 6895. Determine l(-17).
-7
Let k(d) = -4*d**2 - 59*d - 617. What is k(-13)?
-526
Let q(x) = 9*x**2 - 639*x + 3508. Give q(65).
-2
Let b(r) = -5*r - 818. Calculate b(-57).
-533
Let r(j) = -67*j - 1103. Calculate r(-12).
-299
Let u(p) = 2*p**2 + 30*p - 24. What is u(-19)?
128
Let v(s) = -7*s + 341. Give v(16).
229
Let q(t) = -17*t**2 - 37*t - 30. What is q(-2)?
-24
Let i(m) = 78*m**2 - 56*m - 115. What is i(-2)?
309
Let z(o) = -o**3 + 60*o**2 - 46*o - 759. Determine z(59).
8
Let m(y) = 24*y**3 - 2*y**2. Give m(1).
22
Let g(q) = -q**3 + 21*q**2 + 3*q + 86. Give g(21).
149
Let c(w) = -47*w - 516. Give c(-12).
48
Let k(t) = -6*t**2 + 29*t - 37. Calculate k(4).
-17
Let j(r) = 153*r + 1319. What is j(-10)?
-211
Let q(v) = -v**3 + 26*v**2 + 95*v - 270. What is q(29)?
-38
Let c(p) = 102*p + 5818. What is c(-57)?
4
Let t(v) = 22*v**3 + 2*v**2 - 4*v + 2. Give t(1).
22
Let l(z) = 639*z - 4551. Determine l(7).
-78
Let i(s) = -5*s**3 - 249*s**2 + 125*s + 3752. Calculate i(-50).
2
Let o(c) = 2*c**2 + 198*c + 4412. Calculate o(-34).
-8
Let d(a) = -4*a**3 - 367*a**2 + 124*a + 2939. Give d(-92).
-5
Let h(z) = -27*z**2 - 3*z - 5. Determine h(-1).
-29
Let v(j) = 413*j + 26025. Give v(-63).
6
Let h(o) = -2*o**2 + 40*o + 8. Give h(0).
8
Let a(v) = v**3 - 6*v**2 + 23*v - 279. Give a(7).
-69
Let y(v) = 508*v + 1940. Determine y(-4).
-92
Let t(s) = -7*s**2 - 236*s + 86. Determine t(-34).
18
Let v(y) = -y**2 + 17*y + 20. What is v(13)?
72
Let k(x) = x**2 + 10*x - 33. Calculate k(-17).
86
Let j(t) = t**3 + 16*t**2 + 56*t - 57. What is j(-10)?
-17
Let n(k) = k**2 - 4*k - 138. Calculate n(-9).
-21
Let c(d) = 3*d - 74. Give c(29).
13
Let p(a) = -a**3 - 57*a**2 - 57*a - 18. Give p(-56).
38
Let a(b) = -3*b**2 - 73*b - 135. Give a(-8).
257
Let d(l) = -l**2 + 19*l - 34. Give d(0).
-34
Let y(w) = -2*w**3 - 33*w**2 - 20*w - 621. Determine y(-17).
8
Let h(u) = u**2 + 42*u + 347. Give h(-31).
6
Let p(q) = -3*q**3 + 4*q**2 - 4*q + 2. What is p(3)?
-55
Let m(c) = -2*c**2 - 177*c - 1142. Give m(-7).
-1
Let h(g) = 414*g + 2488. Determine h(-6).
4
Let h(a) = 4*a**2 + 8. Determine h(5).
108
Let c(m) = -2*m**2 + 93*m + 301. What is c(-3)?
4
Let a(r) = -2*r**2 - 41*r + 584. Determine a(-30).
14
Let n(s) = -s**3 + 16*s**2 + 54*s + 20. Determine n(19).
-37
Let f(d) = -d**3 + 14*d**2 - 12*d - 13. Calculate f(13).
0
Let p(d) = 2*d**2 - 4*d - 718. Determine p(-18).
2
Let w(q) = -79*q**2 + 2*q - 3. Give w(-1).
-84
Let k(b) = -169*b + 1014. What is k(6)?
0
Let l(h) = -1207*h - 59138. Determine l(-49).
5
Let p(d) = -d**2 - 31*d - 23. Determine p(-30).
7
Let j(b) = 18*b - 358. What is j(29)?
164
Let c(z) = -z + 140. Determine c(66).
74
Let w(q) = 5*q**3 + 193*q**2 + 300*q + 144. Determine w(-37).
-4
Let r(a) = 5*a**3 - 127*a**2 + 47*a + 74. Determine r(25).
-1
Let l(c) = c**2 + 16*c - 87. Determine l(-15).
-102
Let j(v) = v**2 + 33*v + 405. Calculate j(-25).
205
Let c(m) = m**2 + 10*m - 437. Determine c(16).
-21
Let v(o) = -5*o + 46. What is v(17)?
-39
Let x(i) = -3*i - 174. Give x(-22).
-108
Let a(x) = x**2 - 123*x + 2585. Determine a(96).
-7
Let y(j) = -343*j - 8228. Calculate y(-24).
4
Let u(x) = x**3 + 19*x**2 + 63*x - 38. Calculate u(-5).
-3
Let v(z) = -z**3 + 16*z**2 + 11*z + 121. Determine v(17).
19
Let h(s) = -5*s - 38. Give h(-10).
12
Let h(r) = -r**2 - 461*r - 1855. Calculate h(-4).
-27
Let x(l) = 2*l - 80. Determine x(27).
-26
Let l(z) = z**3 + 4*z**2 + 72*z + 288. Give l(-4).
0
Let i(w) = -44*w - 1429. Calculate i(-37).
199
Let l(z) = 114*z + 861. What is l(-7)?
63
Let v(g) = g**3 - 18*g**2 + 6*g - 67. Give v(18).
41
Let r(q) = 108*q + 55. Determine r(-8).
-809
Let j(x) = 5*x**3 - 6*x**2 + 2*x - 28. What is j(0)?
-28
Let f(v) = -v**3 - 3*v**2 + 143*v - 19. Give f(8).
421
Let b(o) = -o**2 + 37*o - 88. Calculate b(36).
-52
Let b(c) = 42*c + 133. Determine b(-4).
-35
Let j(c) = 42*c**2 - 3*c. Calculate j(-1).
45
Let a(c) = -1827*c + 20088. Determine a(11).
-9
Let h(k) = -3*k**3 - 37*k**2 - 49*k - 48. What is h(-11)?
7
Let c(j) = -43*j + 419. Calculate c(0).
419
Let v(l) = -l**3 - 234*l**2 - 692*l + 225. Give v(-231).
-6
Let r(q) = q**2 + 44*q - 808. Give r(19).
389
Let x(i) = i**3 - 7*i**2 - 44*i + 140. What is x(10)?
0
Let g(d) = d**3 - 32*d**2 + 266*d - 6170. Calculate g(30).
10
Let j(x) = -3*x**3 - x**2 - 2*x. Give j(-2).
24
Let s(n) = 2*n**2 - 34*n - 361. What is s(-7)?
-25
Let s(m) = 3*m**2 + 30*m + 78. What is s(-5)?
3
Let t(j) = -j**3 - 145*j**2 - 560*j + 545. What is t(-141)?
-19
Let k(i) = 135*i + 532. Calculate k(-4).
-8
Let l(w) = -15*w - 3. Calculate l(-3).
42
Let m(r) = -r**2 - 45*r - 138. Determine m(-41).
26
Let h(p) = 74*p - 951. Calculate h(13).
11
Let h(w) = -159*w - 622. Give h(-4).
14
Let j(s) = -50*s - 183. What is j(-4)?
17
Let m(p) = 109*p - 1635. Calculate m(15).
0
Let g(y) = -115*y + 456. Give g(4).
-4
Let q(s) = -s**3 - 68*s**2 + 610*s + 170. Calculate q(-76).
18
Let a(i) = -i**2 + 635*i + 8426. Give a(-13).
2
Let s(y) = y**3 + 30*y**2 - 34*y - 66. What is s(-31)?
27
Let o(h) = -h**3 - 36*h**2 + 1126*h - 87. Give o(20).
33
Let l(d) = -24*d**2 + 2*d + 7. Calculate l(-2).
-93
Let d(v) = v**3 + 9*v**2 + 28*v + 10. Calculate d(-6).
-50
Let u(v) = -34*v + 380. What is u(13)?
-62
Let l(u) = u**2 + 1322*u + 27325. Determine l(-21).
4
Let p(b) = 17*b**2 + 18*b - 32. Give p(2).
72
Let o(x) = x**2 + 14*x - 89. Give o(8).
87
Let i(p) = 78*p**2 - 25*p + 51. Determine i(2).
313
Let b(k) = k**2 + 33*k - 646. What is b(-46)?
-48
Let b(x) = 9*x**2 - 28*x + 33. What is b(2)?
13
Let b(t) = -t**3 + 15*t**2 + t - 86. Calculate b(11).
409
Let a(j) = 2*j**3 - 52*j**2 - 63*j + 247. Determine a(27).
4
Let s(c) = 88*c - 886. Determine s(10).
-6
Let b(i) = -7*i**2 - 369*i - 1629. Determine b(-48).
-45
Let z(i) = 2*i - 141. What is z(39)?
-63
Let t(z) = z**3 - 4*z**2 - 2*z - 254. What is t(0)?
-254
Let o(n) = 62*n - 3605. Give o(58).
-9
Let y(f) = -f**2 - 78*f + 176. Give y(-80).
16
Let t(j) = -j**2 - 73*j + 2703. Give t(27).
3
Let u(d) = 2*d**2 - 122*d - 487. Calculate u(65).
33
Let m(x) = 2*x**3 - x**2 + 3*x - 3. Determine m(1).
1
Let p(m) = -2*m**2 + 212*m + 5924. What is p(-23)?
-10
Let t(d) = d**3 - 39*d**2 - 42*d - 96. Determine t(40).
-176
Let x(i) = -7*i**2 + 32*i - 10. Determine x(-9).
-865
Let v(o) = -11*o**2 + 173*o - 654. Calculate v(10).
-24
Let x(g) = -64*g**2 - 770*g - 21. Determine x(-12).
3
Let l(k) = -k**3 - 22*k**2 + 2*k + 291. Calculate l(-21).
-192
Let s(d) = 755*d + 3775. Determine s(-5).
0
Let n(b) = 2*b**2 - 1009*b - 8224. Calculate n(-8).
-24
Let q(a) = -a**3 - 40*a**2 - 395*a + 30. Calc